11120013 + 23?
11120102
In base 16, what is -2d - -9e1?
9b4
In base 6, what is 11 + 515312?
515323
In base 10, what is 292 + 92?
384
In base 11, what is -734 - 70?
-7a4
In base 2, what is -10111 - -10010101101011?
10010101010100
In base 15, what is 1e52d + -7?
1e526
In base 6, what is 425034 + 4?
425042
In base 11, what is -52 + -922?
-974
In base 15, what is -4 + -3626?
-362a
In base 5, what is -334 - 304421?
-310310
In base 16, what is -36661 - 1?
-36662
In base 6, what is 3 + -201451?
-201444
In base 2, what is -10111010001010 + -11?
-10111010001101
In base 6, what is 43512 + 510?
44422
In base 14, what is 15 - -26c84?
26c99
In base 16, what is 7cd9 + -5?
7cd4
In base 2, what is -10 + 10110110110?
10110110100
In base 14, what is 14d3 + 11?
1504
In base 5, what is 4 + -123320440?
-123320431
In base 12, what is 342 - 155?
1a9
In base 3, what is -20020211010020 + -12?
-20020211010102
In base 3, what is 12222001 - 11?
12221220
In base 4, what is 10221223220 - 11?
10221223203
In base 2, what is 1101010101000001 + 1110?
1101010101001111
In base 8, what is -16101 - -3?
-16076
In base 5, what is 2 - 2040110?
-2040103
In base 14, what is -2ca7 + -17?
-2cc0
In base 15, what is -5 + 4de9b?
4de96
In base 16, what is -3 + 26e?
26b
In base 16, what is 2 + 3b595?
3b597
In base 14, what is -c881 + 41?
-c840
In base 7, what is 10306 + -1?
10305
In base 14, what is -922 - -17?
-909
In base 6, what is -31412 + -11?
-31423
In base 11, what is -44625 - -1?
-44624
In base 13, what is -3 + -10238?
-1023b
In base 5, what is -3210413 + 1?
-3210412
In base 12, what is 1170 - 33?
1139
In base 7, what is 11163024 + 0?
11163024
In base 7, what is 11430 + 4224?
15654
In base 8, what is 222 - -450?
672
In base 12, what is 29631 + 2?
29633
In base 4, what is 0 + 112100012?
112100012
In base 11, what is 1 + -65aa7?
-65aa6
In base 4, what is -13 + -3201?
-3220
In base 2, what is -1111111000000001 - 0?
-1111111000000001
In base 14, what is 1 + 3d5?
3d6
In base 4, what is -231 + -111032?
-111323
In base 5, what is 102011212 + 3?
102011220
In base 3, what is 1 + -1021201001?
-1021201000
In base 2, what is -1010 + 1111101111?
1111100101
In base 9, what is -122534 + -4?
-122538
In base 16, what is -6d9 + -c?
-6e5
In base 15, what is -d - ec2?
-ed0
In base 4, what is 230110313 - 2?
230110311
In base 13, what is -1c56165 - -2?
-1c56163
In base 3, what is -110112 - -1022?
-102020
In base 2, what is -1100111110 + -100001111?
-10001001101
In base 8, what is -5 + 3232662?
3232655
In base 11, what is -21a5 - -1?
-21a4
In base 7, what is 1626534 - 1?
1626533
In base 6, what is 15103 - 3035?
12024
In base 5, what is -100133 + 4204?
-40424
In base 7, what is -63640 + -1?
-63641
In base 7, what is 0 + 41144?
41144
In base 5, what is -3 + 240243?
240240
In base 8, what is -243706 + 53?
-243633
In base 7, what is 3 + 225361?
225364
In base 14, what is -140 - -60c?
4ac
In base 14, what is 1 + 4ba3?
4ba4
In base 15, what is 416 + -74?
392
In base 12, what is 16 - 5154b?
-51535
In base 16, what is -63 - -125?
c2
In base 10, what is -55 - 36796?
-36851
In base 8, what is 1607621 - 4?
1607615
In base 9, what is 640046 - -1?
640047
In base 13, what is -30 + c798?
c768
In base 12, what is a2 - 9b?
3
In base 16, what is -3 - 2fb57?
-2fb5a
In base 5, what is 10 - -14410310?
14410320
In base 8, what is -303624 - 4?
-303630
In base 7, what is 11305 - 5?
11300
In base 16, what is -1d + 10de?
10c1
In base 6, what is -15 - 203243?
-203302
In base 11, what is -1a296 + 53?
-1a243
In base 9, what is -202841 - 4?
-202845
In base 11, what is 30a755 - 5?
30a750
In base 4, what is -13320133311 - -10?
-13320133301
In base 6, what is 11225 - -10251?
21520
In base 7, what is -34 - -4244?
4210
In base 5, what is 210040 + -33?
210002
In base 14, what is 202 - 1b8?
28
In base 12, what is 13b4 - -97?
148b
In base 7, what is 500 + -21?
446
In base 11, what is 33384 - 0?
33384
In base 3, what is -2101211 + 212?
-2100222
In base 12, what is 4 - -95029?
95031
In base 5, what is -101030311 - -10?
-101030301
In base 5, what is -10 - 1200133?
-1200143
In base 10, what is 4 + 562383?
562387
In base 4, what is -10110 + 101221?
31111
In base 4, what is 120 + -1210113?
-1203333
In base 16, what is 1 - 27d81?
-27d80
In base 6, what is 340054 + 0?
340054
In base 9, what is 5161 + 262?
5433
In base 8, what is -3 - -67176?
67173
In base 14, what is -425 - 68?
-48d
In base 15, what is 6 - 14ac?
-14a6
In base 4, what is -1102201113 + 2?
-1102201111
In base 11, what is -5 + 12191a?
121915
In base 6, what is 10 - -2221044?
2221054
In base 6, what is -133045535 - -5?
-133045530
In base 15, what is 8a - -bcd?
c68
In base 10, what is -17 + 921?
904
In base 9, what is -10 + -260167?
-260177
In base 4, what is 2322 + 1212332?
1221320
In base 5, what is 1110 - 2342?
-1232
In base 3, what is -212110100 - 1122?
-212111222
In base 5, what is -241 + 10204?
4413
In base 8, what is 14 + -2121?
-2105
In base 9, what is 61258 - -57?
61326
In base 4, what is 221123 - -133?
221322
In base 5, what is -1 - 2003241?
-2003242
In base 13, what is -46991 + -9?
-4699a
In base 13, what is -90657 + 5?
-90652
In base 4, what is 110302 + -10303?
33333
In base 5, what is 4 + 1124?
1133
In base 13, what is -20053 - -28?
-20028
In base 10, what is 0 - -20299?
20299
In base 8, what is 2710 - 57?
2631
In base 16, what is 26150 + -10?
26140
In base 16, what is fd2 - -18?
fea
In base 9, what is -16 - -2404?
2377
In base 12, what is -367 + -126?
-491
In base 7, what is 3 - -60302?
60305
In base 3, what is 100202122 + -102?
100202020
In base 4, what is 100110 + -22?
100022
In base 16, what is 15b + 67?
1c2
In base 12, what is -3 - -6b7ab?
6b7a8
In base 10, what is -2 - -112851?
112849
In base 10, what is 23 + 47141?
47164
In base 15, what is -1c8b8 + -1?
-1c8b9
In base 12, what is 1 - -794a?
794b
In base 4, what is -1210 - -100033110?
100031300
In base 16, what is -7 - 148d?
-1494
In base 16, what is 4 + d09b?
d09f
In base 16, what is 3 + 1594d6?
1594d9
In base 8, what is -25 + -17327?
-17354
In base 7, what is -23 - -110262?
110236
In base 9, what is -145176 + -2?
-145178
In base 8, what is 4 - 347476?
-347472
In base 15, what is 4ce9 + -8?
4ce1
In base 9, what is -5138 + -2067?
-7216
In base 4, what is -3111 - -330110?
320333
In base 12, what is b4 + -4a61?
-4969
In base 9, what is -67 - 7301?
-7368
In base 7, what is 422 + -522?
-100
In base 3, what is -222 + 100022211?
100021212
In base 16, what is -1 - -ccbf?
ccbe
In base 8, what is 1060 - 1302?
-222
In base 2, what is 1 - -10101010110010?
10101010110011
In base 6, what is 24245 + 1502?
30151
In base 13, what is -9 - -534a5?
53499
In base 5, what is 20 - -1434?
2004
In base 10, what is -413041 - -1?
-413040
In base 10, what is 46183 - -29?
46212
In base 13, what is 7a3b7 - -8?
7a3c2
In base 13, what is a7 - -166a?
1744
In base 15, what is -b5b8d + -a?
-b5b98
In base 15, what is 0 - -15aee?
15aee
In base 2, what is 11111110 - 100000?
11011110
In base 10, what is -1899 - 598?
-2497
In base 7, what is -2602564 - 2?
-2602566
In base 6, what is 1 - -441323?
441324
In base 10, what is -3 + -143951?
-143954
In base 7, what is -4 - -414562?
414555
In base 3, what is -211020 - -10?
-211010
In base 14, what is -2182 - -8?
-2178
In base 5, what is 3 + 1231320?
1231323
In base 10, what is 0 - -8427?
8427
In base 12, what is 685bba + -3?
685bb7
In base 13, what is -3 - -1b76?
1b73
In base 9, what is 8 + 4586?
4605
In base 3, what is 1220000 - -122?
1220122
In base 6, what is 52310 - -2?
52312
In base 16, what is -2 + -6e1?
-6e3
In base 2, what is -1011111100010000 + -10?
-1011111100010010
In base 7, what is 550166 + -2?
550164
In base 12, what is 33142a + -3?
331427
In base 4, what is 2 + 11132110?
11132112
In base 12, what is 28004 - -4?
28008
In base 13, what is 2 + 1189?
118b
In base 13, what is -644 + 7?
-63a
In base 3, what is -11 - 2222111101?
-2222111112
In base 15, what is 3 - -3d6b2?
3d6b5
In base 16, what is 2 + b32?
b34
In base 14, what is -24 - -8d0?
8aa
In base 11, what is 3 - 143268?
-143265
In base 15, what is 37 + -4207?
-41c0
In base 3, what is 110011112001 + -1?
110011112000
In base 11, what is -24691 - 3?
-24694
In base 15, what is -80e73 - 2?
-80e75
In base 2, what is 1110010001100 + -1001?
1110010000011
I